{"id":19596,"date":"2022-06-17T18:32:49","date_gmt":"2022-06-17T22:32:49","guid":{"rendered":"https:\/\/wicmtl.ca\/vie-scolaire\/transition-ecole-secondaire\/"},"modified":"2023-05-30T15:03:58","modified_gmt":"2023-05-30T19:03:58","slug":"transition-ecole-secondaire","status":"publish","type":"page","link":"https:\/\/wicmtl.ca\/fr\/vie-scolaire\/transition-ecole-secondaire\/","title":{"rendered":"Transition \u00e0 l\u2019\u00e9cole secondaire"},"content":{"rendered":"<div class=\"gb-container gb-container-c6d32e73 alignfull\"><div class=\"gb-inside-container\">\n\n<h1 class=\"gb-headline gb-headline-75813492 gb-headline-text\">Transition \u00e0 l\u2019\u00e9cole secondaire<\/h1>\n\n<\/div><\/div><div class=\"gb-container gb-container-c1aacdaa\"><div class=\"gb-inside-container\">\n\n<p class=\"has-lg-font-size\">Nous comprenons que les \u00e9l\u00e8ves et les parents puissent \u00e9prouver une certaine nervosit\u00e9 \u00e0 l\u2019id\u00e9e du passage \u00e0 l\u2019\u00e9cole secondaire. Nous prenons donc des mesures additionnelles afin d\u2019assurer une transition en douceur et harmonieuse.<\/p>\n\n\n\n<p class=\"has-lg-font-size\">La premi\u00e8re journ\u00e9e d\u2019\u00e9cole des \u00e9l\u00e8ves de 1re secondaire est une journ\u00e9e d\u2019orientation. Les leaders \u00e9tudiants du Coll\u00e8ge et le personnel organisent une journ\u00e9e sp\u00e9ciale d\u2019activit\u00e9s pour les accueillir dans leur nouvel environnement. Les craintes li\u00e9es \u00e0 la transition \u00e0 l\u2019\u00e9cole secondaire sont apais\u00e9es en jumelant les nouveaux \u00e9l\u00e8ves \u00e0 de \u00ab grands fr\u00e8res et s\u0153urs \u00bb qui leur font visiter l\u2019\u00e9cole et les invitent \u00e0 une assembl\u00e9e d\u2019\u00e9l\u00e8ves. Les activit\u00e9s d\u2019introduction s\u2019av\u00e8rent une excellente occasion pour les \u00e9l\u00e8ves de se faire de nouveaux amis. <\/p>\n\n\n\n<p class=\"has-lg-font-size\">Une fois leur casier attribu\u00e9, les nouveaux arrivants apprennent les premi\u00e8res notions d\u2019organisation, de gestion de temps et de m\u00e9thodes de travail qui seront d\u00e9velopp\u00e9es davantage dans le cours de m\u00e9thode d\u2019\u00e9tudes.<\/p>\n\n\n\n<p class=\"has-lg-font-size\">Nous tirons une grande fiert\u00e9 des liens de communication bien \u00e9tablis entre la maison et l\u2019\u00e9cole et nous invitons les parents et les \u00e9l\u00e8ves \u00e0 s\u2019adresser \u00e0 notre personnel de soutien et d\u2019administration en tout temps.<\/p>\n\n<\/div><\/div><div class=\"gb-container gb-container-8aaeba77 alignfull\"><div class=\"gb-inside-container\">\n\n<div class=\"wp-block-cover aligncenter is-light\" style=\"min-height:600px;aspect-ratio:unset;\"><span aria-hidden=\"true\" class=\"wp-block-cover__background has-background-dim-10 has-background-dim\"><\/span><img loading=\"lazy\" decoding=\"async\" width=\"1280\" height=\"1073\" class=\"wp-block-cover__image-background wp-image-997\" alt=\"\" src=\"https:\/\/wicmtl.ca\/wp-content\/uploads\/2022\/06\/studentssteps-1.jpeg\" style=\"object-position:52% 37%\" data-object-fit=\"cover\" data-object-position=\"52% 37%\" srcset=\"https:\/\/wicmtl.ca\/wp-content\/uploads\/2022\/06\/studentssteps-1.jpeg 1280w, https:\/\/wicmtl.ca\/wp-content\/uploads\/2022\/06\/studentssteps-1-300x251.jpeg 300w, https:\/\/wicmtl.ca\/wp-content\/uploads\/2022\/06\/studentssteps-1-1024x858.jpeg 1024w, https:\/\/wicmtl.ca\/wp-content\/uploads\/2022\/06\/studentssteps-1-768x644.jpeg 768w\" sizes=\"auto, (max-width: 1280px) 100vw, 1280px\" \/><div class=\"wp-block-cover__inner-container is-layout-flow wp-block-cover-is-layout-flow\">\n<p class=\"has-text-align-center has-large-font-size\"><\/p>\n<\/div><\/div>\n\n<\/div><\/div>","protected":false},"excerpt":{"rendered":"<p>Transition \u00e0 l\u2019\u00e9cole secondaire Nous comprenons que les \u00e9l\u00e8ves et les parents puissent \u00e9prouver une certaine nervosit\u00e9 \u00e0 l\u2019id\u00e9e du passage \u00e0 l\u2019\u00e9cole secondaire. Nous prenons donc des mesures additionnelles afin d\u2019assurer une transition en douceur et harmonieuse. La premi\u00e8re journ\u00e9e d\u2019\u00e9cole des \u00e9l\u00e8ves de 1re secondaire est une journ\u00e9e d\u2019orientation. Les leaders \u00e9tudiants du &#8230; <a title=\"Transition \u00e0 l\u2019\u00e9cole secondaire\" class=\"read-more\" href=\"https:\/\/wicmtl.ca\/fr\/vie-scolaire\/transition-ecole-secondaire\/\" aria-label=\"En savoir plus sur Transition \u00e0 l\u2019\u00e9cole secondaire\">Lire plus<\/a><\/p>\n","protected":false},"author":2,"featured_media":0,"parent":19584,"menu_order":4,"comment_status":"closed","ping_status":"closed","template":"","meta":{"_themeisle_gutenberg_block_has_review":false,"footnotes":""},"class_list":["post-19596","page","type-page","status-publish"],"_links":{"self":[{"href":"https:\/\/wicmtl.ca\/fr\/wp-json\/wp\/v2\/pages\/19596","targetHints":{"allow":["GET"]}}],"collection":[{"href":"https:\/\/wicmtl.ca\/fr\/wp-json\/wp\/v2\/pages"}],"about":[{"href":"https:\/\/wicmtl.ca\/fr\/wp-json\/wp\/v2\/types\/page"}],"author":[{"embeddable":true,"href":"https:\/\/wicmtl.ca\/fr\/wp-json\/wp\/v2\/users\/2"}],"replies":[{"embeddable":true,"href":"https:\/\/wicmtl.ca\/fr\/wp-json\/wp\/v2\/comments?post=19596"}],"version-history":[{"count":4,"href":"https:\/\/wicmtl.ca\/fr\/wp-json\/wp\/v2\/pages\/19596\/revisions"}],"predecessor-version":[{"id":21947,"href":"https:\/\/wicmtl.ca\/fr\/wp-json\/wp\/v2\/pages\/19596\/revisions\/21947"}],"up":[{"embeddable":true,"href":"https:\/\/wicmtl.ca\/fr\/wp-json\/wp\/v2\/pages\/19584"}],"wp:attachment":[{"href":"https:\/\/wicmtl.ca\/fr\/wp-json\/wp\/v2\/media?parent=19596"}],"curies":[{"name":"wp","href":"https:\/\/api.w.org\/{rel}","templated":true}]}}

Transition à l’école secondaire

<div class="gb-container gb-container-c6d32e73 alignfull"><div class="gb-inside-container">

<h1 class="gb-headline gb-headline-75813492 gb-headline-text">Transition à l’école secondaire</h1>

</div></div><div class="gb-container gb-container-c1aacdaa"><div class="gb-inside-container">

<p class="has-lg-font-size">Nous comprenons que les élèves et les parents puissent éprouver une certaine nervosité à l’idée du passage à l’école secondaire. Nous prenons donc des mesures additionnelles afin d’assurer une transition en douceur et harmonieuse.</p>



<p class="has-lg-font-size">La première journée d’école des élèves de 1re secondaire est une journée d’orientation. Les leaders étudiants du Collège et le personnel organisent une journée spéciale d’activités pour les accueillir dans leur nouvel environnement. Les craintes liées à la transition à l’école secondaire sont apaisées en jumelant les nouveaux élèves à de « grands frères et sœurs » qui leur font visiter l’école et les invitent à une assemblée d’élèves. Les activités d’introduction s’avèrent une excellente occasion pour les élèves de se faire de nouveaux amis. </p>



<p class="has-lg-font-size">Une fois leur casier attribué, les nouveaux arrivants apprennent les premières notions d’organisation, de gestion de temps et de méthodes de travail qui seront développées davantage dans le cours de méthode d’études.</p>



<p class="has-lg-font-size">Nous tirons une grande fierté des liens de communication bien établis entre la maison et l’école et nous invitons les parents et les élèves à s’adresser à notre personnel de soutien et d’administration en tout temps.</p>

</div></div><div class="gb-container gb-container-8aaeba77 alignfull"><div class="gb-inside-container">

<div class="wp-block-cover aligncenter is-light" style="min-height:600px;aspect-ratio:unset;"><span aria-hidden="true" class="wp-block-cover__background has-background-dim-10 has-background-dim"></span><img loading="lazy" decoding="async" width="1280" height="1073" class="wp-block-cover__image-background wp-image-997" alt="" src="https://wicmtl.ca/wp-content/uploads/2022/06/studentssteps-1.jpeg" style="object-position:52% 37%" data-object-fit="cover" data-object-position="52% 37%" srcset="https://wicmtl.ca/wp-content/uploads/2022/06/studentssteps-1.jpeg 1280w, https://wicmtl.ca/wp-content/uploads/2022/06/studentssteps-1-300x251.jpeg 300w, https://wicmtl.ca/wp-content/uploads/2022/06/studentssteps-1-1024x858.jpeg 1024w, https://wicmtl.ca/wp-content/uploads/2022/06/studentssteps-1-768x644.jpeg 768w" sizes="auto, (max-width: 1280px) 100vw, 1280px" /><div class="wp-block-cover__inner-container is-layout-flow wp-block-cover-is-layout-flow">
<p class="has-text-align-center has-large-font-size"></p>
</div></div>

</div></div>

<p>Transition à l’école secondaire Nous comprenons que les élèves et les parents puissent éprouver une certaine nervosité à l’idée du passage à l’école secondaire. Nous prenons donc des mesures additionnelles afin d’assurer une transition en douceur et harmonieuse. La première journée d’école des élèves de 1re secondaire est une journée d’orientation. Les leaders étudiants du &#8230; <a title="Transition à l’école secondaire" class="read-more" href="https://wicmtl.ca/fr/vie-scolaire/transition-ecole-secondaire/" aria-label="En savoir plus sur Transition à l’école secondaire">Lire plus</a></p>
